vided by 1544?
1392
What is the remainder when 557489 is divided by 13937?
9
What is the remainder when 3760340 is divided by 9544?
4
What is the remainder when 37083 is divided by 11997?
1092
What is the remainder when 72207399 is divided by 262572?
99
Calculate the remainder when 520524 is divided by 173506.
6
Calculate the remainder when 1584744 is divided by 94.
92
What is the remainder when 22980325 is divided by 24?
13
Calculate the remainder when 252369 is divided by 81032.
9273
Calculate the remainder when 13335148 is divided by 4444987.
187
Calculate the remainder when 3701850 is divided by 3335.
0
What is the remainder when 37181889 is divided by 406?
3
What is the remainder when 65489 is divided by 303?
41
Calculate the remainder when 1239414 is divided by 1820.
1814
Calculate the remainder when 3223239 is divided by 3269.
5
Calculate the remainder when 3491520 is divided by 72740.
0
What is the remainder when 11307215 is divided by 764?
15
Calculate the remainder when 6018204 is divided by 35.
24
Calculate the remainder when 2265988 is divided by 402.
316
What is the remainder when 889821 is divided by 451?
449
What is the remainder when 16455632 is divided by 180831?
11
Calculate the remainder when 1111375 is divided by 1110774.
601
What is the remainder when 4158009 is divided by 138591?
279
Calculate the remainder when 8147733 is divided by 74.
37
What is the remainder when 578675 is divided by 146?
77
What is the remainder when 1223679 is divided by 135963?
12
Calculate the remainder when 1324 is divided by 530.
264
Calculate the remainder when 808532 is divided by 9851.
750
Calculate the remainder when 901775128 is divided by 173.
172
Calculate the remainder when 159354 is divided by 805.
769
Calculate the remainder when 701528 is divided by 12990.
68
Calculate the remainder when 46666 is divided by 406.
382
Calculate the remainder when 4498025 is divided by 352.
169
Calculate the remainder when 91762 is divided by 45809.
144
Calculate the remainder when 1205352 is divided by 197.
106
Calculate the remainder when 8518780 is divided by 1145.
1125
Calculate the remainder when 64908 is divided by 603.
387
What is the remainder when 14976 is divided by 6745?
1486
What is the remainder when 188718202 is divided by 1115?
1107
Calculate the remainder when 602499 is divided by 1293.
1254
Calculate the remainder when 377326 is divided by 873.
190
What is the remainder when 115493 is divided by 5021?
10
What is the remainder when 904076 is divided by 300936?
1268
Calculate the remainder when 2442226 is divided by 814066.
28
Calculate the remainder when 2432 is divided by 692.
356
What is the remainder when 56163 is divided by 18550?
513
What is the remainder when 1058259 is divided by 3687?
90
What is the remainder when 151618 is divided by 421?
58
Calculate the remainder when 687428 is divided by 687125.
303
Calculate the remainder when 422844029 is divided by 43.
3
Calculate the remainder when 1481213 is divided by 5.
3
What is the remainder when 30051 is divided by 27854?
2197
Calculate the remainder when 3494053 is divided by 29.
17
What is the remainder when 1144399 is divided by 190730?
19
What is the remainder when 45934 is divided by 783?
520
Calculate the remainder when 2744184 is divided by 137207.
44
What is the remainder when 50124732 is divided by 618?
606
Calculate the remainder when 56190 is divided by 3965.
680
What is the remainder when 1476130 is divided by 30752?
34
Calculate the remainder when 204461100 is divided by 51115272.
12
Calculate the remainder when 4364847 is divided by 181866.
63
What is the remainder when 511888 is divided by 102316?
308
What is the remainder when 18162399 is divided by 1555?
1554
Calculate the remainder when 2849071 is divided by 151.
3
What is the remainder when 4235986 is divided by 1067?
1063
Calculate the remainder when 29989 is divided by 977.
679
What is the remainder when 31842708 is divided by 1248?
1236
Calculate the remainder when 1960702 is divided by 326779.
28
What is the remainder when 852635 is divided by 283959?
758
Calculate the remainder when 328206 is divided by 508.
38
Calculate the remainder when 1307112 is divided by 59354.
1324
Calculate the remainder when 598579 is divided by 66508.
7
Calculate the remainder when 46890 is divided by 46038.
852
Calculate the remainder when 242979 is divided by 1314.
1203
Calculate the remainder when 602098 is divided by 200688.
34
What is the remainder when 2322813 is divided by 580664?
157
Calculate the remainder when 125606940 is divided by 75.
15
What is the remainder when 54433 is divided by 18142?
7
Calculate the remainder when 39788611 is divided by 296.
291
What is the remainder when 11263912 is divided by 93?
31
Calculate the remainder when 26543629 is divided by 59.
1
What is the remainder when 175810 is divided by 4502?
232
What is the remainder when 867694289 is divided by 2053?
2051
What is the remainder when 3141305 is divided by 224374?
69
Calculate the remainder when 1482175 is divided by 90.
55
Calculate the remainder when 20163 is divided by 1500.
663
Calculate the remainder when 8252308 is divided by 164.
156
What is the remainder when 63067 is divided by 62904?
163
What is the remainder when 13005 is divided by 1159?
256
What is the remainder when 292286 is divided by 312?
254
Calculate the remainder when 126417 is divided by 144.
129
What is the remainder when 60642168 is divided by 331?
320
Calculate the remainder when 3018044 is divided by 429.
29
Calculate the remainder when 346247 is divided by 3723.
8
What is the remainder when 738475 is divided by 368949?
577
What is the remainder when 2051217 is divided by 604?
33
Calculate the remainder when 86966 is divided by 21185.
2226
Calculate the remainder when 128510657 is divided by 1797.
1796
What is the remainder when 263092 is divided by 17?
0
What is the remainder when 748537 is divided by 14123?
18
Calculate the remainder when 7012155 is divided by 701215.
5
Calculate the remainder when 890691 is divided by 48.
3
What is the remainder when 1878818 is divided by 208757?
5
What is the remainder when 4381874 is divided by 2190843?
188
What is the remainder when 4683691 is divided by 27390?
1
Calculate the remainder when 719379 is divided by 239778.
45
Calculate the remainder when 369112 is divided by 991.
460
Calculate the remainder when 1276003 is divided by 159488.
99
What is the remainder when 496719 is divided by 1043?
251
What is the remainder when 2095809 is divided by 190525?
34
Calculate the remainder when 578793 is divided by 200.
193
What is the remainder when 1029226 is divided by 175?
51
Calculate the remainder when 1329019 is divided by 442966.
121
What is the remainder when 153288 is divided by 59?
6
What is the remainder when 397741 is divided by 19691?
3921
Calculate the remainder when 9661093 is divided by 13.
0
Calculate the remainder when 471700 is divided by 6289.
25
Calculate the remainder when 35125304 is divided by 36.
32
What is the remainder when 1613134 is divided by 537342?
1108
Calculate the remainder when 257236 is divided by 128612.
12
What is the remainder when 20379 is divided by 2341?
1651
What is the remainder when 11012084 is divided by 2202416?
4
What is the remainder when 51507 is divided by 530?
97
Calculate the remainder when 18441326 is divided by 302.
300
What is the remainder when 4134104 is divided by 66?
62
Calculate the remainder when 2558 is divided by 12.
2
Calculate the remainder when 2436671 is divided by 1767.
1745
Calculate the remainder when 1581423 is divided by 1023.
888
What is the remainder when 3396951 is divided by 26?
25
Calculate the remainder when 73928 is divided by 24245.
1193
What is the remainder when 8221985 is divided by 511?
506
What is the remainder when 4075015 is divided by 1829?
3
Calculate the remainder when 743566 is divided by 43739.
3
Calculate the remainder when 6769373 is divided by 2788.
109
What is the remainder when 420049383 is divided by 41?
37
Calculate the remainder when 1875410 is divided by 25.
10
What is the remainder when 4743928 is divided by 193?
181
Calculate the remainder when 1896763635 is divided by 606.
603
Calculate the remainder when 404235 is divided by 2377